base 4, what is 0 + -1222110?
-1222110
In base 15, what is -40 - -120?
d0
In base 9, what is -26 - -15240?
15213
In base 12, what is -452 + 94?
-37a
In base 8, what is -60315 + 5?
-60310
In base 8, what is 1 - -15266?
15267
In base 15, what is 3 + 204?
207
In base 11, what is 77 - 247?
-180
In base 9, what is 21 + 473637?
473658
In base 15, what is -4d + 8ade?
8a91
In base 2, what is -1001101 + -1011100110?
-1100110011
In base 14, what is -b07 - 12?
-b19
In base 9, what is 4221 + -2?
4218
In base 11, what is 16369 + 4?
16372
In base 16, what is -158 + -4e1?
-639
In base 10, what is 6496 - 138?
6358
In base 9, what is -1046560 - 1?
-1046561
In base 11, what is -86399 - 3?
-863a1
In base 8, what is -1473744 + -6?
-1473752
In base 7, what is -14256 - 6?
-14265
In base 10, what is -683386 + -5?
-683391
In base 14, what is -5a - -1a5?
149
In base 13, what is 2b5 - 95?
220
In base 13, what is -2 - 236?
-238
In base 9, what is 5 + 2110?
2115
In base 7, what is 356 + 1666?
2355
In base 2, what is 1000011110 - 1011?
1000010011
In base 3, what is 121100122200 - -21?
121100122221
In base 4, what is 13 - 12122331?
-12122312
In base 10, what is 3 - 3011?
-3008
In base 9, what is 237 - -131?
368
In base 14, what is 3 + -20b21?
-20b1c
In base 4, what is -100 + 101000?
100300
In base 7, what is -400461 + -15?
-400506
In base 12, what is -269 - 46?
-2b3
In base 13, what is -2b - 152c4?
-15322
In base 5, what is -330 + -34432?
-40312
In base 13, what is 1 + -5a563?
-5a562
In base 6, what is -1423 + -13252?
-15115
In base 12, what is 3 + -3797a?
-37977
In base 13, what is -312 + 1ab?
-134
In base 13, what is -2121 - 25?
-2146
In base 12, what is -54 + 3a6?
352
In base 15, what is 17c - 53?
129
In base 11, what is -102392 - 5?
-102397
In base 13, what is -32 + 2383?
2351
In base 13, what is -22880 - -6?
-22877
In base 15, what is -2 + dc49?
dc47
In base 6, what is 11403143 + -2?
11403141
In base 5, what is 1342 - 1221?
121
In base 13, what is 143454 + -1?
143453
In base 9, what is -124858 - -3?
-124855
In base 13, what is -890c1 + -1?
-890c2
In base 3, what is 12020 + 12121?
101211
In base 12, what is -5 + -4a71?
-4a76
In base 7, what is 44435 + -4?
44431
In base 12, what is -442183 + 0?
-442183
In base 16, what is -9969 - -4?
-9965
In base 12, what is 33 - 1a2?
-16b
In base 8, what is 0 - 4546043?
-4546043
In base 7, what is 13 + 20040?
20053
In base 8, what is -56 - 27314?
-27372
In base 2, what is 10000001110100 - -10?
10000001110110
In base 15, what is -418e70 + 3?
-418e6c
In base 4, what is 200 + -102113132?
-102112332
In base 14, what is -b74 + -69?
-bdd
In base 10, what is 2 + -218700?
-218698
In base 2, what is -100001001110001 + 1001?
-100001001101000
In base 4, what is 3 - -2101030?
2101033
In base 7, what is -1563151 - -5?
-1563143
In base 10, what is 2986 - 505?
2481
In base 13, what is 4c13 - -22?
4c35
In base 7, what is -2 + -3251563?
-3251565
In base 14, what is 385 - -9?
390
In base 14, what is -78 - 2049?
-20c3
In base 8, what is -14 + -305335?
-305351
In base 5, what is 1 - 1231024?
-1231023
In base 9, what is 47401 - -1?
47402
In base 3, what is 100110001 - 2?
100102222
In base 14, what is 12800 - -5?
12805
In base 5, what is -144032414 + 3?
-144032411
In base 3, what is 11 - 2021201?
-2021120
In base 16, what is 1dd8 + c?
1de4
In base 2, what is -11100011100011110 - -101?
-11100011100011001
In base 12, what is -2 + 774b?
7749
In base 8, what is 126260 - -2?
126262
In base 7, what is -1115 + 20?
-1065
In base 13, what is -5c - 20?
-7c
In base 11, what is 2222 + -2?
2220
In base 3, what is -10 - -1212001201?
1212001121
In base 7, what is 2151535 - 4?
2151531
In base 3, what is 11110022 + -21?
11110001
In base 15, what is -217b6 + -1?
-217b7
In base 9, what is -5 + -58213?
-58218
In base 11, what is 0 - 12a55?
-12a55
In base 16, what is 9ecb - 5?
9ec6
In base 8, what is 1551 + -201?
1350
In base 8, what is 5 + -2332774?
-2332767
In base 4, what is 1130 - -310?
2100
In base 11, what is -88792 - 17?
-887a9
In base 5, what is 14 + -122202?
-122133
In base 8, what is 207 + 71?
300
In base 13, what is -853 - -21?
-832
In base 7, what is -43362 + 13?
-43346
In base 9, what is 18584 + 73?
18667
In base 13, what is -a4c8 + 50?
-a478
In base 5, what is 2 - 120040431?
-120040424
In base 15, what is -109 + 62?
-97
In base 10, what is -13 + 1010?
997
In base 10, what is 6219000 - 5?
6218995
In base 8, what is 5 - -76467?
76474
In base 3, what is -12001 + -101121212?
-101210220
In base 14, what is 2091 + -6?
2089
In base 6, what is 14 - -1451452?
1451510
In base 16, what is 12874 + -4?
12870
In base 13, what is 5 + c8c0?
c8c5
In base 15, what is -e + 9b9?
9aa
In base 2, what is -10101011101 + -10001010?
-10111100111
In base 13, what is -876 + 17b?
-6c8
In base 3, what is -21 - -1212122201?
1212122110
In base 11, what is -5 - 39a337?
-39a341
In base 5, what is 13 - 1400421?
-1400403
In base 16, what is -5997 + b?
-598c
In base 15, what is 1a67 + -8?
1a5e
In base 7, what is 4 - -416336?
416343
In base 5, what is -10442 + 3?
-10434
In base 15, what is 247d - -5?
2483
In base 5, what is 214134121 - -3?
214134124
In base 10, what is 798 + 3163?
3961
In base 7, what is -25205 + -52?
-25260
In base 9, what is -2373 + 27?
-2345
In base 5, what is -4421 + 2142?
-2224
In base 6, what is 3 - -2515?
2522
In base 3, what is 22100221 + -112221?
21211000
In base 10, what is -542 + 1739?
1197
In base 14, what is 4a + -15da?
-1590
In base 15, what is -1127b20 - -1?
-1127b1e
In base 6, what is -12444142 - 3?
-12444145
In base 11, what is -38 + -1540?
-1578
In base 16, what is 5 + 1d613?
1d618
In base 3, what is -20021 + 1222?
-11022
In base 14, what is 2 - 913c1?
-913bd
In base 10, what is -94 - -85871?
85777
In base 11, what is -179 + 3836?
3668
In base 11, what is -4 - -37927?
37923
In base 6, what is 0 + 135213?
135213
In base 14, what is -2652 + 35?
-261b
In base 14, what is -533 + 3b?
-4d6
In base 15, what is -3 + 1660b?
16608
In base 16, what is -3 + 3a0f4?
3a0f1
In base 2, what is -1001110100011 + -10?
-1001110100101
In base 9, what is -4 - -3457?
3453
In base 16, what is -2 - 2b8b?
-2b8d
In base 2, what is 10000000000 + -111001?
1111000111
In base 10, what is 291743 + -3?
291740
In base 12, what is 4 - -ab3?
ab7
In base 3, what is 100001 + -12120?
10111
In base 2, what is -101 + -10010110100001010001?
-10010110100001010110
In base 14, what is -5 + -247c?
-2483
In base 9, what is -6315 - 15?
-6331
In base 16, what is -48cd + 1b?
-48b2
In base 2, what is 11011001 + -11000110?
10011
In base 10, what is 0 - 242137?
-242137
In base 7, what is 10 + -22436?
-22426
In base 5, what is -10 - 240242134?
-240242144
In base 10, what is 79 - -2143?
2222
In base 6, what is 522104 - -21?
522125
In base 8, what is -5 - 4362?
-4367
In base 4, what is -11 + 1030110312?
1030110301
In base 9, what is -1121222 + -1?
-1121223
In base 11, what is 1 - -11445?
11446
In base 9, what is 8883 + 10?
10003
In base 10, what is 3 + -653496?
-653493
In base 4, what is 130102 + -11132?
112310
In base 2, what is -100010111111 - -1000011011?
-11010100100
In base 4, what is -113222311 + 311?
-113222000
In base 3, what is -11201 - 21210222?
-21222200
In base 9, what is 145556 + -50?
145506
In base 11, what is 2 - -43940?
43942
In base 15, what is 1807 + -1?
1806
In base 11, what is 923a82 - -5?
923a87
In base 8, what is 41005 - 3?
41002
In base 9, what is 1 - -12558?
12560
In base 12, what is -42735 - 1?
-42736
In base 16, what is -4 - -9f9cc?
9f9c8
In base 4, what is -10 + 3321213?
3321203
In base 8, what is 3 - -17?
22
In base 4, what is 10313123 - 22?
10313101
In base 3, what is 10211 + 1001112100?
1001200011
In base 14, what is -1c180 + -a?
-1c18a
In base 14, what is 56 + -138?
-c2
In base 2, what is -100000011101100101110 + -11?
-100000011101100110001
In base 10, what is -12198 - 5?
-12203
In base 6, what is -4 + -111011?
-111015
In base 6, what is -112 + 12042?
11530
In base 12, what is 1a49 + -2b?
1a1a
In base 3, what is -2220201 - 1021222?
-11012200
In base 16, what is 7 + 9cb?
9d2
In base 11, what is 3a87 + -2?
3a85
In base 8, what is 32 + 442?
474
In base 9, what is -2 + -1684566?
-1684568
In base 5, what is 3 - 110402244?
-110402241
In base 15, what is -3bb9 - -2?
-3bb7
In base 12, what is 2